 t(-5).
-7
Let i(b) = b**3 - 2*b**2 + 2*b + 1. Let v(c) = -c**3 + c**2 - c - 1. Let j(y) = -3*i(y) - 4*v(y). Calculate j(-3).
-2
Suppose 5*q - 16 = -2*b, -b = 2*q + 2*q - 11. Let k(l) = l**3 - 4*l**2 - l + 3. Determine k(b).
-9
Let m(s) be the third derivative of -s**6/120 - s**5/12 - s**4/24 + s**3/3 + 7*s**2. Determine m(-5).
7
Let x = -6 + 8. Let f(w) = w - 1. Give f(x).
1
Suppose 5*t + 6 = 3*v, 2 = -v - t + 4. Let q(a) = a + 1. Give q(v).
3
Let s(d) = -3*d + 6. Let p(r) = -2*r + 5. Let k(i) = -4*p(i) + 3*s(i). Calculate k(-6).
4
Let i(l) be the third derivative of l**6/360 + l**5/120 + l**4/24 - l**3/6 + 4*l**2. Let a(u) be the first derivative of i(u). Give a(-2).
3
Let u(o) = -o**2 - 7*o + 4. Let k be u(-8). Let z(t) = t**2 + 7*t + 6. What is z(k)?
-6
Let t(i) be the second derivative of i**5/20 + i**4/3 - 5*i**3/6 + 7*i**2/2 - 2*i. Suppose 0 = h - 0 + 5. What is t(h)?
7
Suppose v = -5*i + 33, 2*v - 8 - 28 = -5*i. Let t = 10 - i. Suppose -5*a - t = -19. Let u(h) = h**2 - 5*h + 1. What is u(a)?
-5
Suppose -11 = x - 2*c, -4*x + 0*x + 5*c = 38. Let z = 10 + -4. Let i = x + z. Let q(f) = -f. Give q(i).
1
Suppose -1 + 9 = i. Let c(x) = 1 + x**3 + 3*x**2 + 4 - i*x**2. What is c(4)?
-11
Let y(m) = -2*m + 3. Let q(a) = -a + 7. Let t be q(5). Calculate y(t).
-1
Let s(i) = i - 15. Suppose l = y + y - 20, -5*l - 5*y - 70 = 0. Let m = l + 16. What is s(m)?
-15
Let c(b) = -b**3 + b**2 + 3*b + 2. Let n(l) = 2*l**2 + 1. Suppose 3 - 1 = -2*d. Let s be n(d). Calculate c(s).
-7
Let i(d) = d**2 + 8*d + 7. Suppose 0 = -7*s + 2*s - 30. Give i(s).
-5
Let v = 2 - 3. Let r(u) be the third derivative of u**5/20 + u**3/6 - 19*u**2 + 3. What is r(v)?
4
Let o(t) = -t + 3. Let m = -93 - -95. What is o(m)?
1
Suppose -15 = -2*h - 3*h. Let u = 15 - h. Suppose 2*i = -2*i + u. Let p(g) = 2*g - 3. Calculate p(i).
3
Let d(y) = -2*y**2 - 4 + 3 + y**3 + 3*y**2. Suppose 3*n = 3*i + 9, 0 = -i - 3*i - 4*n + 20. What is d(i)?
1
Let v(i) = -i**3 - 8. Let d(z) = -z**3 + 6*z**2 + 2. Let g be d(6). Suppose -g*h + 5*h = 0. Calculate v(h).
-8
Let n(a) = a**3 + 4*a**2 - 2. Suppose 4*r - 4*m - 4 = 0, -r - 19 = -0*r + 3*m. Give n(r).
-2
Let k(w) = -w**2 + 6*w - 4. Suppose 3*m - 3 = 12. Let v be k(m). Let x(f) = 7*f**2 - f. Calculate x(v).
6
Let i(f) = 2*f**2 + 3*f + 3. Let v(p) = 3*p**2 + 6*p + 5. Let n(c) = 7*i(c) - 4*v(c). Give n(2).
3
Suppose 2*r - 4 = -0*r. Let v(n) = 0*n**2 + 2 - 4 - 2*n**2 + 3*n. Determine v(r).
-4
Let s(o) = o**3 + 5*o**2 + 3*o + 1. Let d be 6*((-40)/12 + 3). Determine s(d).
7
Let v(m) = 10*m**3 - 2*m**2 - 2*m - 1. Let b be v(-1). Let n = b + 15. Let z(a) = 2*a - 3. Determine z(n).
5
Let k(b) = -b**3 - 5*b**2 - b - 2. Let g = 16 + -10. Suppose -2*r + g*r = -3*o + 1, r = 4*o + 24. Give k(o).
3
Let i(r) = -5*r - 4*r**3 + 4*r + 2*r**2 + 0*r. Suppose -24 = 5*n + 6. Let g be ((-1)/2)/(n/12). Determine i(g).
-3
Let j(i) = -i**3 - 4*i**2 - 4*i + 1. Let m be (-2)/(-5)*2*15. Suppose -4*h - 3*b + 35 = 0, 2*h = 4*h - b - 5. Suppose m = l - h*l. Give j(l).
4
Let w(l) = l**2 - 18*l + 18. Let m be w(17). Let c(u) = 8*u**2 - u. Calculate c(m).
7
Let i(f) = 2*f**3 + 1. Let l be i(-1). Let k(d) = -2*d**2 + 1. Let y be k(l). Let s(u) = -2*u + 2. Let h(v) = 1. Let a(n) = -2*h(n) + s(n). Determine a(y).
2
Let t(z) = -z**2 - z + 1. Let l = 5 - 17. Let q be 4/l - (-16)/(-6). Calculate t(q).
-5
Let w(y) = y**2 + 12*y. Let f(v) = 3*v + 12. Let z be f(-8). Let u be w(z). Let q(j) = j**3 + j + 4. Give q(u).
4
Let o = 9 + -4. Suppose 8*h - 4*h - 12 = 0. Let g(f) = f - 4*f**3 + o*f**h - 3 + 1 + 2*f**2. Calculate g(-2).
-4
Let u(q) = -2*q + 1. Let o be -2 + (-1 - -2) + -1. Let i be o/(-4) + (-5)/(-2). Let j be i/(-2)*(-4)/(-3). Determine u(j).
5
Let p(h) = -2*h + 11. Let t(l) be the first derivative of -l**2/2 + 5*l + 1. Let m(o) = 2*p(o) - 5*t(o). Suppose 0 = i - 4*q + 5, 5*i = 4*q + 7. Calculate m(i).
0
Let m(k) = -k - 4. Let c be (20/15)/(2/9). Suppose r = c*r. What is m(r)?
-4
Suppose 3*o - d - 8 = 0, -2*o + d + 14 = 3*o. Suppose 4*h + 3*i = i, -o*i = -2*h + 16. Let m(s) = h + 1 - 2 + 3*s - s**2. Calculate m(4).
-3
Let v = 2087/120 - 139/8. Let o(t) be the third derivative of v*t**5 - 5/24*t**4 - 2/3*t**3 + 0*t + 0 - 3*t**2. Calculate o(5).
-4
Let b(w) = -5*w - 2 - 1 + 4. Let z = 14 + -12. Calculate b(z).
-9
Let u(z) = -3*z + 4. Let w(o) = 7*o - 8. Let f(m) = -9*u(m) - 4*w(m). Let r = 4 - 7. Give f(r).
-1
Let v = -1 + 1. Suppose v = 5*f + 11 + 4. Let l(z) = -2*z + 6. Let w(a) = -3*a + 9. Let p(r) = 8*l(r) - 5*w(r). What is p(f)?
6
Let h(x) = -2*x + 2. Let l be (-5*2)/(-2) + 0. What is h(l)?
-8
Let o(k) be the first derivative of -1/2*k**2 + 2 + 2*k. Calculate o(5).
-3
Let m(f) be the first derivative of f**2/2 + 2*f + 14. Determine m(0).
2
Let u(h) = 2*h**2 + 26*h - 3. Let f be u(-13). Let t be -1*1 + 3/1. Let b(w) = -1 - 1 - 4*w**2 + w**3 + 8*w**t + w. Calculate b(f).
4
Let t = -37 + 43. Let b(f) = -2*f - 7. Let w(u) be the third derivative of u**4/24 + 2*u**3/3 + u**2. Let s(m) = t*b(m) + 11*w(m). Give s(0).
2
Let w(j) be the third derivative of -j**4/24 - 2*j**3/3 - j**2. Let l be (-5 + 5)/(3*-1). Calculate w(l).
-4
Let p(x) be the first derivative of -3*x**2/2 + 36. Calculate p(-7).
21
Let s be ((-4)/(-3))/((-9)/27). Let a(m) = 2*m**3 + 6*m**2 + m + 4. What is a(s)?
-32
Let b(x) = x**2. Let f(m) = -4*m**2 - m + 2. Let r(i) = 8*i**2 + 3*i - 5. Let w(v) = 9*f(v) + 4*r(v). Let l(h) = -3*b(h) - w(h). Calculate l(2).
0
Let s(a) = -7*a**3 + a + 1. Let p be (-6)/1 + 2 + 0. Let c(t) be the first derivative of -t**4/4 - 4*t**3/3 - t**2/2 - 5*t - 2. Let d be c(p). Determine s(d).
7
Let i be -2 - (-2 - -3)*-1. Let y(p) = -13*p**2 + 2*p + 1. What is y(i)?
-14
Let p(t) = -t**3 + 6*t**2 - 4*t. Let v be p(5). Let l(z) be the third derivative of -z**5/60 + z**4/3 - 2*z**3/3 - z**2. Give l(v).
11
Let z be 2/((-5)/(100/8)). Let i(y) = -y - 3. What is i(z)?
2
Let m(z) be the first derivative of -2*z**3/3 + z**2 + 2*z - 1. Suppose 2*b = d - b + 1, 2 = 3*d - 4*b. Determine m(d).
-2
Let m = 38 + -38. Let o(l) = l**2 - 8. Determine o(m).
-8
Let q(z) be the second derivative of z**4/12 - z**3/6 + 3*z**2/2 - z. Let u(s) = 2*s**2 - 34*s + 3. Let i be u(17). Give q(i).
9
Let w(t) be the third derivative of -t**4/12 + t**2. Determine w(-2).
4
Let m(g) = -g**3 + 6*g**2 - 3. Suppose -s - s = -12. Determine m(s).
-3
Let q(b) = b**2 + 7*b + 9. Let t be q(-6). Suppose 7*f + 9 = -12. Let s = f + t. Let c(w) = w + 7. Give c(s).
7
Let i(h) = h**2 - 8*h + 6. Suppose -5*g + 4*y + 20 = -17, 0 = 5*g + y - 22. What is i(g)?
-9
Let j(d) = -3 - d**2 - 3*d + 4 + 8*d + 3. Let q = 4 - -1. What is j(q)?
4
Let s(v) = 2 + 3 - 7 - v + v**2. Let m(u) = 2*u**2 - 2*u - 2. Let b be m(2). What is s(b)?
0
Let n(u) be the second derivative of -u**5/20 - u**4/4 - u**3/3 - u**2 + 2*u. Suppose 0 = -5*x + x - 5*a - 13, 2*a = 5*x + 8. Calculate n(x).
-2
Let t = 15 + -17. Let g(u) = u + 2 + 0*u - 3*u. Determine g(t).
6
Let u(a) = 5*a - 3. Suppose 5 = l + 2. Suppose 5*y = l*y + 4. Let w be (-8)/(-3) - y/3. Calculate u(w).
7
Let b(d) = -13 + 21 - 11 - d. Calculate b(-6).
3
Let d(z) = 2*z**2 + 7*z + 3. Let k(h) = h**2 + 8*h. Let n(i) = -3*i**2 - 25*i + 1. Let r(u) = 7*k(u) + 2*n(u). Let m(x) = 2*d(x) - 3*r(x). Determine m(4).
0
Let i(m) be the second derivative of -m**3/3 - m**2 - 6*m. Determine i(-3).
4
Let r = -1 + 1. Let a be (1/2)/((-1)/(-2)). Let k(n) = a + 2 - n - 2. Determine k(r).
1
Let z(u) = u**2 - 4*u - 1. Let o = -12 - -16. Suppose -5*d = o*l - 7 - 0, -10 = 5*l. Calculate z(d).
-4
Let c be 4/6 + 52/(-6) + -3. Let p(o) = -o**3 - 11*o**2 + o + 15. Give p(c).
4
Let a be (10/8)/(2/(-8)). Let m(s) = 2*s + 5. Let b be m(a). Let p(l) = -l - 6. What is p(b)?
-1
Let r(j) = -5*j + 2. Let o = -10 - -2. Let c be (o/10)/((-6)/15). Let m be c/((-1)/(2 + -3)). Calculate r(m).
-8
Let t(s) = -5*s**2 - s - 4. Let z(h) = 9*h**2 + 2*h + 7. Let o(j) = 7*t(j) + 4*z(j). Give o(-1).
0
Let u = 16 + -13. Let q be u/(-3) + (-8)/4. Let z(r) = r**2 + 4*r + 2. What is z(q)?
-1
Let r be (6/8)/(3/24). Let j(h) = h**3 + 1. Let a(k) = -7*k**3 + 6*k**2 - 7*k + 1. Let b(l) = r*j(l) + a(l). Determine b(5).
-3
Suppose -5 = -4*c - 1. Let b(i) be the third derivative of -i**6/120 - i**5/60 + i**4/24 - i**3/6 - 9*i**2. Give b(c).
-2
Let d = -4 - -11. Suppose -3 = -4*h + 5.